ime number?
True
Suppose 48*t - 2980 = 44*t. Let k = t + 1776. Is k a prime number?
True
Let n = -1991 + 968. Let u be 3 + (4 + (-60)/6)*1. Is ((-40)/(-15) + u)*n prime?
False
Let u(w) = -3*w**3 + 2*w**2 + 91*w - 317. Is u(-38) a prime number?
True
Let t = 443447 + 100372. Is t composite?
True
Suppose -10*c - 885325 = -5*w - 14*c, 2*w + 5*c = 354147. Is w a prime number?
False
Let r be -4 + -8*(-2 - 0). Suppose 0 = 3*a + r, 5*a - 3*a = 2*w - 2934. Suppose w + 632 = 5*p. Is p a prime number?
True
Let z be (0 + -22)*66/(-12). Suppose 5*b - 125 = 2*b - p, 0 = 3*b - p - z. Suppose 5*x - j + 28 - 137 = 0, -x + 5*j + b = 0. Is x composite?
True
Suppose g + 2*i = -4*g + 102, -i + 62 = 3*g. Suppose 20*a - g*a + 4 = 0. Is 2*(-3 - (-185)/a) a prime number?
True
Let j(z) = z + 11. Let k = 12 + -19. Let f be j(k). Suppose 2*n + f*n - 2238 = 0. Is n prime?
True
Let a be (-255)/(-17) - (-4)/(-2). Let l be (a - 8)*(-1472)/(-5) + -3. Let p = l - 1006. Is p a composite number?
False
Suppose 0 = -2*v + 2, 0 = h + 3*v + 5 + 6. Let y(w) = 17*w + 1. Let o be y(-4). Let q = h - o. Is q prime?
True
Let t be 452/16 - 2/8. Suppose 32 = -z + t. Let j = 313 - z. Is j prime?
True
Suppose -5*t - 4*o + 6518303 = 0, -t + 3*o - 137453 = -1441125. Is t composite?
True
Let z(u) = 3*u - 13. Let t be z(7). Let f(i) = 15*i - 3 + 6*i + 30 + t*i. Is f(10) a composite number?
False
Let i = 19 + -11. Suppose -i*u + 6 = -6*u. Is (-1)/8*-2*(1049 + u) a prime number?
True
Suppose -k - 7*h = -3*h - 21950, -2*k + 43914 = h. Let q = -13246 + k. Suppose -3*u + q = -183. Is u prime?
False
Let u = -27166 + 69543. Is u composite?
True
Is 5*(-10)/225 + 364196/9 a prime number?
False
Let j(z) = -2*z**2 + 12*z - 13. Let o be j(5). Let d be (6/15)/((-3)/45*o). Is 23210/44 - (0 - 3/d) a composite number?
True
Let i = 16023 + 7200. Is i a composite number?
True
Suppose -2*z = -5*v - 30, -z = 5*v + z + 50. Let h = v + 14. Let w(c) = c**3 - 5*c**2 + 4*c + 11. Is w(h) composite?
False
Suppose 12 = -i - 4*k + k, -16 = 5*i + 4*k. Let d = 2 - 0. Suppose i = -w - d*w + 7887. Is w composite?
True
Let p = -129 - -5356. Is p a prime number?
True
Let a(x) = 60*x**2 - 11*x - 2. Let f(d) = -30*d**2 + 5*d + 1. Let p be (6 - 9)/((-3)/(-2)). Let s(t) = p*a(t) - 5*f(t). Is s(-4) prime?
True
Let q(g) = 6*g**3 + 353*g**2 + 69*g + 5. Is q(-33) prime?
False
Let n(i) = -i**3 - 152*i**2 - 211*i - 139. Is n(-151) composite?
True
Let n be 28/8 + (-1)/2. Let g(j) = -109*j**3 - 4*j**2 + 2*j + 1. Let o(v) = -110*v**3 - 3*v**2 + v + 1. Let x(q) = n*g(q) - 4*o(q). Is x(2) a prime number?
True
Suppose 3*g - g = 1824. Let u be 2/(-7) + (-3 - (-255)/35). Suppose u*h - 260 = g. Is h prime?
True
Let q = -75443 + 105632. Let g = q + -6196. Is g a prime number?
True
Let o(r) = -2666*r + 15. Let c be o(-8). Suppose 0 = 2*x + 4, -2*w - x + c = 3*w. Let s = 5986 - w. Is s a composite number?
True
Let c(m) = 334*m - 117. Suppose -5*r - 3*l = -152, -4*r + 8*r + 5*l = 132. Is c(r) prime?
False
Suppose 8*d - 866388 = -4*n, -866385 = -5*n + n - 5*d. Is n a composite number?
True
Let x be (-98)/4*-16 - -5. Let d be 3*-1 + (-13 - -207). Suppose -o + d = 4*z, x = 2*o - 0*o + 5*z. Is o composite?
False
Suppose -33*a = 6*a - 2695067 + 119156. Is a composite?
True
Let x be (-11)/((-198)/(-168))*(1 - -1850). Let s = -12321 - x. Is s composite?
True
Is (-166233595)/(-1605) + (60/(-27) - -2)*-3 composite?
False
Let o be 12/(-10)*175/(-105). Suppose 0 = -2*g + 6*g + 8, -3*q = o*g - 61775. Is q composite?
False
Let r = 132328 - -147201. Is r a composite number?
True
Let p = 221662 - 111219. Is p a prime number?
False
Let g be (-122)/(-4)*(4/(-4) + -1). Let y = g + 51. Is (-36)/(-180) - (26818/y - 1) a composite number?
False
Suppose 28*u - 1655406 - 3247814 = 8*u. Is u prime?
False
Let z be -7 - 256/(8 + -16). Suppose 0 = -z*r + r + 230424. Is r a prime number?
True
Suppose 4735 = 7*q + 20023. Let a = q + 3917. Is a composite?
False
Suppose -4*r + 9 = -79. Suppose r = 6*b - 4*b. Suppose b*l = 8*l + 2367. Is l a composite number?
True
Let k = -92 - -94. Suppose -3*x + 381 = -3*u, u - 3 = k. Let z = x + 2. Is z a composite number?
True
Let d(k) = -57*k**2 + 27*k + 19. Let b(h) = -114*h**2 + 55*h + 39. Let u(r) = 6*b(r) - 13*d(r). Is u(7) composite?
False
Let r = -5 - -40. Suppose -4*g + 5*g - 14 = -4*b, -4*g + 5*b + r = 0. Suppose g*k - 2806 = 2824. Is k composite?
False
Let n(w) = w**3 - w**2 - w. Let h(j) = 3*j**3 + 4*j**2 - j + 1. Let q(f) = h(f) - 2*n(f). Let x be 24/(-4) - -14 - 2. Is q(x) composite?
False
Let y = 135600 + -92863. Is y a prime number?
True
Let a(n) = n**3 - 15*n**2 - 10*n - 23. Let d be a(16). Let q = d - 70. Suppose -u + 26 + 81 = 4*m, 0 = u + q*m - 106. Is u composite?
False
Let t = -16395 + 25761. Let f = -4315 + t. Is f a prime number?
True
Is -7307783*46/(-805)*(-2)/(-4)*5 prime?
True
Let f(d) = d**3 - 19*d**2 - 18*d - 33. Let g be f(20). Let j be (g + -4)*(-3)/(-9). Is -181*((-4 - -2) + j) prime?
True
Is (-41)/164*(-31 + -1) - -34713 a prime number?
True
Is 33/33 + -54139*(-3)/(6/20) composite?
False
Let m(i) = 31969*i - 3645. Is m(4) a composite number?
False
Suppose l - 4 + 2 = -2*a, 2*l - 3*a = -10. Let i be ((-6)/8)/(l/640). Let s = i + 29. Is s a composite number?
False
Suppose 0 = 4*v + z - 134735, -4*z = 271*v - 275*v + 134760. Is v a composite number?
True
Suppose 0 = -f - 3*f + 2*q + 498540, 5*f = 5*q + 623185. Is f prime?
True
Let j be 10/(-4) + 21/14. Let n be 0/(-4 - -6) - j. Is (-1356)/(-1 - n) - (2 + -1) composite?
False
Let l(a) be the first derivative of -16*a**3/3 - a**2/2 + 35*a + 22. Let s be l(20). Let p = -4538 - s. Is p a composite number?
False
Suppose -2*i + 2*j = -6*i + 1994, -5*i + j + 2510 = 0. Suppose -4*f + i = -6*s + 7*s, 5*s = 2*f + 2615. Is s composite?
False
Let d = 1409 - 196. Suppose o + 12 = -2*g + 2433, g - 2*o - d = 0. Is g composite?
True
Suppose -d - 1306478 = -35*d - 4*d. Is d composite?
False
Let n be (-6612)/24*(3 - 7). Suppose -p + 555 = -2*o, 2*p - 4*o + 8*o = n. Is p a composite number?
True
Let s(d) = -d**2 + 2*d - 4. Let w be s(2). Is (-6839)/w*25/((-75)/(-12)) a prime number?
False
Let h = -301 + -101. Let c(a) = -17*a**2 + 34*a - 42. Let l be c(7). Let p = h - l. Is p a composite number?
True
Suppose o + 5*q - 1822521 + 117394 = 0, q = 4*o - 6820382. Is o a prime number?
True
Let z be (-9)/((-18)/4) + 6. Let j be z/(-3)*7725/(-20). Suppose -5*n = -2085 - j. Is n a composite number?
True
Is (-1)/(2 - (-20055)/(-5013) - (102 + -104)) a composite number?
True
Let f(z) = -12*z - 5. Let a be f(-4). Let o = a + -40. Suppose -384 = -2*k - 2*b, 728 = 4*k - o*b - b. Is k a composite number?
True
Suppose 29183180 + 28328105 = -26*f + 91*f. Is f a prime number?
True
Suppose 3*b = 2*m - 1, 5*b = 3*m - 6*m + 11. Let v be (2968/1)/(3 - m). Suppose 5*y + 4*f = 3699, 0 = 2*y + 2*y + f - v. Is y prime?
True
Is (-16)/(112/(-572343)) - (-7)/(49/(-2)) composite?
True
Is 93569/(-28)*-22*12/6 prime?
False
Let c(y) = 9*y**2 + 2*y - 493. Let q(d) = 19*d**2 + 5*d - 988. Let f(r) = -13*c(r) + 6*q(r). Is f(0) a prime number?
False
Is 17868345/220 - 14/8 prime?
False
Let v(r) = -r**3 + 29*r**2 + 7*r - 127. Let f be v(29). Suppose f*n = 69*n + 31927. Is n prime?
True
Is (-365368 - 87)*(-12)/30 a composite number?
True
Let k = -1341 - 1526. Let i = k + 5974. Is i prime?
False
Let s be (-30)/45*(-2979)/6. Let i be 3 - (2 + -1 - 2). Suppose -i*a + 5*r = -s, a - 3*r - 94 = 2*r. Is a a prime number?
True
Let b = 564 + -271. Let d = 498 - b. Is d a composite number?
True
Is 20850408/(-48)*(-2)/(-5)*(-60)/36 composite?
False
Let f = 2247134 - 1507869. Is f a prime number?
False
Suppose -5*v + 3*g = 8577, 0 = 5*v + 2*g + 9641 - 1084. Let q(d) = -6*d**2 + 3*d + 8. Let b be q(-12). Let n = b - v. Is n a composite number?
False
Let g = 100062 - 11229. Is g a composite number?
True
Let l = 141724 + 179283. Is l prime?
True
Let v(l) = l**3 - 9*l**2 - 50*l - 27. Let p be v(13). Let z(n) = -494*n**3 - 3*n**2 + 2*n + 4. Is z(p) composite?
True
Let z(j) be the third derivative of -j**6/120 - j**5/10 - 7*j**4/24 - j**3/3 + 24*j**2. Let s be z(-4). Is (-1 - 0)/(s/1266) composite?
False
Let s(u) = -11*u - 37. Let t be s(-4). Suppose 2*d = -t*d - 18. Is 1/d*-7554 - (1 - 5) a composite number?
True
Let j(h) = -2*h**3 - h**2 